{"id":7363,"date":"2022-07-21T12:05:58","date_gmt":"2022-07-21T10:05:58","guid":{"rendered":"https:\/\/www.art-memorials.com\/artwork\/schaedel-lithografie-gerhard-richter\/"},"modified":"2022-07-21T12:05:58","modified_gmt":"2022-07-21T10:05:58","slug":"schaedel-lithografie-gerhard-richter","status":"publish","type":"product","link":"https:\/\/www.art-memorials.com\/de\/artwork\/schaedel-lithografie-gerhard-richter\/","title":{"rendered":"Sch\u00e4del"},"content":{"rendered":"<p><strong>Sch\u00e4del<\/strong><\/p>\n<p>Der vage menschliche Sch\u00e4del im variirenden nat\u00fcrlichen Licht verweist auf eine lange Tradition von Memento-Mori-Stillleben. Lithographie nach einem von Richter in seinem Atelier aufgenommenen Foto aus der Sch\u00e4del &#8211; Serie von 1982 und 1983.<\/p>\n","protected":false},"excerpt":{"rendered":"<p>Litografie nach Gerhard Richter<\/p>\n","protected":false},"featured_media":2369,"template":"","meta":[],"product_brand":[],"product_cat":[177],"product_tag":[],"class_list":{"0":"post-7363","1":"product","2":"type-product","3":"status-publish","4":"has-post-thumbnail","6":"product_cat-feuerbestattung-urnen","7":"tm-has-options","9":"first","10":"outofstock","11":"sale","12":"taxable","13":"shipping-taxable","14":"purchasable","15":"product-type-simple"},"yoast_head":"<!-- This site is optimized with the Yoast SEO plugin v24.4 - https:\/\/yoast.com\/wordpress\/plugins\/seo\/ -->\n<title>Sch\u00e4del &#8902; Art-Memorials.com<\/title>\n<meta name=\"description\" content=\"Kaufen Sie eine Lithographie nach einem Foto eines menschlichen Sch\u00e4dels von Gerhard Richter, einem zeitgen\u00f6ssischen Vanitas-Kunstwerk mit dem Symbol des Begr\u00e4bnisses. In gutem Zustand.\" \/>\n<meta name=\"robots\" content=\"index, follow, max-snippet:-1, max-image-preview:large, max-video-preview:-1\" \/>\n<link rel=\"canonical\" href=\"https:\/\/www.art-memorials.com\/de\/artwork\/schaedel-lithografie-gerhard-richter\/\" \/>\n<meta property=\"og:locale\" content=\"de_DE\" \/>\n<meta property=\"og:type\" content=\"article\" \/>\n<meta property=\"og:title\" content=\"Sch\u00e4del &#8902; Art-Memorials.com\" \/>\n<meta property=\"og:description\" content=\"Kaufen Sie eine Lithographie nach einem Foto eines menschlichen Sch\u00e4dels von Gerhard Richter, einem zeitgen\u00f6ssischen Vanitas-Kunstwerk mit dem Symbol des Begr\u00e4bnisses. In gutem Zustand.\" \/>\n<meta property=\"og:url\" content=\"https:\/\/www.art-memorials.com\/de\/artwork\/schaedel-lithografie-gerhard-richter\/\" \/>\n<meta property=\"og:site_name\" content=\"Art-Memorials\" \/>\n<meta property=\"og:image\" content=\"https:\/\/www.art-memorials.com\/wp-content\/uploads\/2022\/07\/skull-gerhard-richter.jpg\" \/>\n\t<meta property=\"og:image:width\" content=\"1024\" \/>\n\t<meta property=\"og:image:height\" content=\"1467\" \/>\n\t<meta property=\"og:image:type\" content=\"image\/jpeg\" \/>\n<meta name=\"twitter:card\" content=\"summary_large_image\" \/>\n<script type=\"application\/ld+json\" class=\"yoast-schema-graph\">{\"@context\":\"https:\/\/schema.org\",\"@graph\":[{\"@type\":\"WebPage\",\"@id\":\"https:\/\/www.art-memorials.com\/de\/artwork\/schaedel-lithografie-gerhard-richter\/\",\"url\":\"https:\/\/www.art-memorials.com\/de\/artwork\/schaedel-lithografie-gerhard-richter\/\",\"name\":\"Sch\u00e4del &#8902; Art-Memorials.com\",\"isPartOf\":{\"@id\":\"http:\/\/www.art-memorials.com\/de\/#website\"},\"primaryImageOfPage\":{\"@id\":\"https:\/\/www.art-memorials.com\/de\/artwork\/schaedel-lithografie-gerhard-richter\/#primaryimage\"},\"image\":{\"@id\":\"https:\/\/www.art-memorials.com\/de\/artwork\/schaedel-lithografie-gerhard-richter\/#primaryimage\"},\"thumbnailUrl\":\"https:\/\/www.art-memorials.com\/wp-content\/uploads\/2022\/07\/skull-gerhard-richter.jpg\",\"datePublished\":\"2022-07-21T10:05:58+00:00\",\"description\":\"Kaufen Sie eine Lithographie nach einem Foto eines menschlichen Sch\u00e4dels von Gerhard Richter, einem zeitgen\u00f6ssischen Vanitas-Kunstwerk mit dem Symbol des Begr\u00e4bnisses. In gutem Zustand.\",\"breadcrumb\":{\"@id\":\"https:\/\/www.art-memorials.com\/de\/artwork\/schaedel-lithografie-gerhard-richter\/#breadcrumb\"},\"inLanguage\":\"de\",\"potentialAction\":[{\"@type\":\"ReadAction\",\"target\":[\"https:\/\/www.art-memorials.com\/de\/artwork\/schaedel-lithografie-gerhard-richter\/\"]}]},{\"@type\":\"ImageObject\",\"inLanguage\":\"de\",\"@id\":\"https:\/\/www.art-memorials.com\/de\/artwork\/schaedel-lithografie-gerhard-richter\/#primaryimage\",\"url\":\"https:\/\/www.art-memorials.com\/wp-content\/uploads\/2022\/07\/skull-gerhard-richter.jpg\",\"contentUrl\":\"https:\/\/www.art-memorials.com\/wp-content\/uploads\/2022\/07\/skull-gerhard-richter.jpg\",\"width\":1024,\"height\":1467,\"caption\":\"Ein Gem\u00e4lde eines Sch\u00e4dels ohne Kiefer, der in einer dunklen Ecke steht. Gezeichnet von Gerhard Richter.\"},{\"@type\":\"BreadcrumbList\",\"@id\":\"https:\/\/www.art-memorials.com\/de\/artwork\/schaedel-lithografie-gerhard-richter\/#breadcrumb\",\"itemListElement\":[{\"@type\":\"ListItem\",\"position\":1,\"name\":\"Home\",\"item\":\"https:\/\/www.art-memorials.com\/de\/\"},{\"@type\":\"ListItem\",\"position\":2,\"name\":\"Shop\",\"item\":\"https:\/\/www.art-memorials.com\/de\/urnen\/\"},{\"@type\":\"ListItem\",\"position\":3,\"name\":\"Sch\u00e4del\"}]},{\"@type\":\"WebSite\",\"@id\":\"http:\/\/www.art-memorials.com\/de\/#website\",\"url\":\"http:\/\/www.art-memorials.com\/de\/\",\"name\":\"Art-Memorials\",\"description\":\"Exclusive Cremation Urns, Ash Paintings, and Sculptures\",\"potentialAction\":[{\"@type\":\"SearchAction\",\"target\":{\"@type\":\"EntryPoint\",\"urlTemplate\":\"http:\/\/www.art-memorials.com\/de\/?s={search_term_string}\"},\"query-input\":{\"@type\":\"PropertyValueSpecification\",\"valueRequired\":true,\"valueName\":\"search_term_string\"}}],\"inLanguage\":\"de\"}]}<\/script>\n<!-- \/ Yoast SEO plugin. -->","yoast_head_json":{"title":"Sch\u00e4del &#8902; Art-Memorials.com","description":"Kaufen Sie eine Lithographie nach einem Foto eines menschlichen Sch\u00e4dels von Gerhard Richter, einem zeitgen\u00f6ssischen Vanitas-Kunstwerk mit dem Symbol des Begr\u00e4bnisses. In gutem Zustand.","robots":{"index":"index","follow":"follow","max-snippet":"max-snippet:-1","max-image-preview":"max-image-preview:large","max-video-preview":"max-video-preview:-1"},"canonical":"https:\/\/www.art-memorials.com\/de\/artwork\/schaedel-lithografie-gerhard-richter\/","og_locale":"de_DE","og_type":"article","og_title":"Sch\u00e4del &#8902; Art-Memorials.com","og_description":"Kaufen Sie eine Lithographie nach einem Foto eines menschlichen Sch\u00e4dels von Gerhard Richter, einem zeitgen\u00f6ssischen Vanitas-Kunstwerk mit dem Symbol des Begr\u00e4bnisses. In gutem Zustand.","og_url":"https:\/\/www.art-memorials.com\/de\/artwork\/schaedel-lithografie-gerhard-richter\/","og_site_name":"Art-Memorials","og_image":[{"width":1024,"height":1467,"url":"https:\/\/www.art-memorials.com\/wp-content\/uploads\/2022\/07\/skull-gerhard-richter.jpg","type":"image\/jpeg"}],"twitter_card":"summary_large_image","schema":{"@context":"https:\/\/schema.org","@graph":[{"@type":"WebPage","@id":"https:\/\/www.art-memorials.com\/de\/artwork\/schaedel-lithografie-gerhard-richter\/","url":"https:\/\/www.art-memorials.com\/de\/artwork\/schaedel-lithografie-gerhard-richter\/","name":"Sch\u00e4del &#8902; Art-Memorials.com","isPartOf":{"@id":"http:\/\/www.art-memorials.com\/de\/#website"},"primaryImageOfPage":{"@id":"https:\/\/www.art-memorials.com\/de\/artwork\/schaedel-lithografie-gerhard-richter\/#primaryimage"},"image":{"@id":"https:\/\/www.art-memorials.com\/de\/artwork\/schaedel-lithografie-gerhard-richter\/#primaryimage"},"thumbnailUrl":"https:\/\/www.art-memorials.com\/wp-content\/uploads\/2022\/07\/skull-gerhard-richter.jpg","datePublished":"2022-07-21T10:05:58+00:00","description":"Kaufen Sie eine Lithographie nach einem Foto eines menschlichen Sch\u00e4dels von Gerhard Richter, einem zeitgen\u00f6ssischen Vanitas-Kunstwerk mit dem Symbol des Begr\u00e4bnisses. In gutem Zustand.","breadcrumb":{"@id":"https:\/\/www.art-memorials.com\/de\/artwork\/schaedel-lithografie-gerhard-richter\/#breadcrumb"},"inLanguage":"de","potentialAction":[{"@type":"ReadAction","target":["https:\/\/www.art-memorials.com\/de\/artwork\/schaedel-lithografie-gerhard-richter\/"]}]},{"@type":"ImageObject","inLanguage":"de","@id":"https:\/\/www.art-memorials.com\/de\/artwork\/schaedel-lithografie-gerhard-richter\/#primaryimage","url":"https:\/\/www.art-memorials.com\/wp-content\/uploads\/2022\/07\/skull-gerhard-richter.jpg","contentUrl":"https:\/\/www.art-memorials.com\/wp-content\/uploads\/2022\/07\/skull-gerhard-richter.jpg","width":1024,"height":1467,"caption":"Ein Gem\u00e4lde eines Sch\u00e4dels ohne Kiefer, der in einer dunklen Ecke steht. Gezeichnet von Gerhard Richter."},{"@type":"BreadcrumbList","@id":"https:\/\/www.art-memorials.com\/de\/artwork\/schaedel-lithografie-gerhard-richter\/#breadcrumb","itemListElement":[{"@type":"ListItem","position":1,"name":"Home","item":"https:\/\/www.art-memorials.com\/de\/"},{"@type":"ListItem","position":2,"name":"Shop","item":"https:\/\/www.art-memorials.com\/de\/urnen\/"},{"@type":"ListItem","position":3,"name":"Sch\u00e4del"}]},{"@type":"WebSite","@id":"http:\/\/www.art-memorials.com\/de\/#website","url":"http:\/\/www.art-memorials.com\/de\/","name":"Art-Memorials","description":"Exclusive Cremation Urns, Ash Paintings, and Sculptures","potentialAction":[{"@type":"SearchAction","target":{"@type":"EntryPoint","urlTemplate":"http:\/\/www.art-memorials.com\/de\/?s={search_term_string}"},"query-input":{"@type":"PropertyValueSpecification","valueRequired":true,"valueName":"search_term_string"}}],"inLanguage":"de"}]}},"_links":{"self":[{"href":"https:\/\/www.art-memorials.com\/de\/wp-json\/wp\/v2\/product\/7363","targetHints":{"allow":["GET"]}}],"collection":[{"href":"https:\/\/www.art-memorials.com\/de\/wp-json\/wp\/v2\/product"}],"about":[{"href":"https:\/\/www.art-memorials.com\/de\/wp-json\/wp\/v2\/types\/product"}],"wp:featuredmedia":[{"embeddable":true,"href":"https:\/\/www.art-memorials.com\/de\/wp-json\/wp\/v2\/media\/2369"}],"wp:attachment":[{"href":"https:\/\/www.art-memorials.com\/de\/wp-json\/wp\/v2\/media?parent=7363"}],"wp:term":[{"taxonomy":"product_brand","embeddable":true,"href":"https:\/\/www.art-memorials.com\/de\/wp-json\/wp\/v2\/product_brand?post=7363"},{"taxonomy":"product_cat","embeddable":true,"href":"https:\/\/www.art-memorials.com\/de\/wp-json\/wp\/v2\/product_cat?post=7363"},{"taxonomy":"product_tag","embeddable":true,"href":"https:\/\/www.art-memorials.com\/de\/wp-json\/wp\/v2\/product_tag?post=7363"}],"curies":[{"name":"wp","href":"https:\/\/api.w.org\/{rel}","templated":true}]}}

Schädel

<p><strong>Schädel</strong></p>
<p>Der vage menschliche Schädel im variirenden natürlichen Licht verweist auf eine lange Tradition von Memento-Mori-Stillleben. Lithographie nach einem von Richter in seinem Atelier aufgenommenen Foto aus der Schädel &#8211; Serie von 1982 und 1983.</p>

<!-- This site is optimized with the Yoast SEO plugin v24.4 - https://yoast.com/wordpress/plugins/seo/ -->
<title>Schädel &#8902; Art-Memorials.com</title>
<meta name="description" content="Kaufen Sie eine Lithographie nach einem Foto eines menschlichen Schädels von Gerhard Richter, einem zeitgenössischen Vanitas-Kunstwerk mit dem Symbol des Begräbnisses. In gutem Zustand." />
<meta name="robots" content="index, follow, max-snippet:-1, max-image-preview:large, max-video-preview:-1" />
<link rel="canonical" href="https://www.art-memorials.com/de/artwork/schaedel-lithografie-gerhard-richter/" />
<meta property="og:locale" content="de_DE" />
<meta property="og:type" content="article" />
<meta property="og:title" content="Schädel &#8902; Art-Memorials.com" />
<meta property="og:description" content="Kaufen Sie eine Lithographie nach einem Foto eines menschlichen Schädels von Gerhard Richter, einem zeitgenössischen Vanitas-Kunstwerk mit dem Symbol des Begräbnisses. In gutem Zustand." />
<meta property="og:url" content="https://www.art-memorials.com/de/artwork/schaedel-lithografie-gerhard-richter/" />
<meta property="og:site_name" content="Art-Memorials" />
<meta property="og:image" content="https://www.art-memorials.com/wp-content/uploads/2022/07/skull-gerhard-richter.jpg" />
	<meta property="og:image:width" content="1024" />
	<meta property="og:image:height" content="1467" />
	<meta property="og:image:type" content="image/jpeg" />
<meta name="twitter:card" content="summary_large_image" />
<script type="application/ld+json" class="yoast-schema-graph">{"@context":"https://schema.org","@graph":[{"@type":"WebPage","@id":"https://www.art-memorials.com/de/artwork/schaedel-lithografie-gerhard-richter/","url":"https://www.art-memorials.com/de/artwork/schaedel-lithografie-gerhard-richter/","name":"Schädel &#8902; Art-Memorials.com","isPartOf":{"@id":"http://www.art-memorials.com/de/#website"},"primaryImageOfPage":{"@id":"https://www.art-memorials.com/de/artwork/schaedel-lithografie-gerhard-richter/#primaryimage"},"image":{"@id":"https://www.art-memorials.com/de/artwork/schaedel-lithografie-gerhard-richter/#primaryimage"},"thumbnailUrl":"https://www.art-memorials.com/wp-content/uploads/2022/07/skull-gerhard-richter.jpg","datePublished":"2022-07-21T10:05:58+00:00","description":"Kaufen Sie eine Lithographie nach einem Foto eines menschlichen Schädels von Gerhard Richter, einem zeitgenössischen Vanitas-Kunstwerk mit dem Symbol des Begräbnisses. In gutem Zustand.","breadcrumb":{"@id":"https://www.art-memorials.com/de/artwork/schaedel-lithografie-gerhard-richter/#breadcrumb"},"inLanguage":"de","potentialAction":[{"@type":"ReadAction","target":["https://www.art-memorials.com/de/artwork/schaedel-lithografie-gerhard-richter/"]}]},{"@type":"ImageObject","inLanguage":"de","@id":"https://www.art-memorials.com/de/artwork/schaedel-lithografie-gerhard-richter/#primaryimage","url":"https://www.art-memorials.com/wp-content/uploads/2022/07/skull-gerhard-richter.jpg","contentUrl":"https://www.art-memorials.com/wp-content/uploads/2022/07/skull-gerhard-richter.jpg","width":1024,"height":1467,"caption":"Ein Gemälde eines Schädels ohne Kiefer, der in einer dunklen Ecke steht. Gezeichnet von Gerhard Richter."},{"@type":"BreadcrumbList","@id":"https://www.art-memorials.com/de/artwork/schaedel-lithografie-gerhard-richter/#breadcrumb","itemListElement":[{"@type":"ListItem","position":1,"name":"Home","item":"https://www.art-memorials.com/de/"},{"@type":"ListItem","position":2,"name":"Shop","item":"https://www.art-memorials.com/de/urnen/"},{"@type":"ListItem","position":3,"name":"Schädel"}]},{"@type":"WebSite","@id":"http://www.art-memorials.com/de/#website","url":"http://www.art-memorials.com/de/","name":"Art-Memorials","description":"Exclusive Cremation Urns, Ash Paintings, and Sculptures","potentialAction":[{"@type":"SearchAction","target":{"@type":"EntryPoint","urlTemplate":"http://www.art-memorials.com/de/?s={search_term_string}"},"query-input":{"@type":"PropertyValueSpecification","valueRequired":true,"valueName":"search_term_string"}}],"inLanguage":"de"}]}</script>
<!-- / Yoast SEO plugin. -->

Schädel &#8902; Art-Memorials.com

Kaufen Sie eine Lithographie nach einem Foto eines menschlichen Schädels von Gerhard Richter, einem zeitgenössischen Vanitas-Kunstwerk mit dem Symbol des Begräbnisses. In gutem Zustand.

Ein Gemälde eines Schädels ohne Kiefer, der in einer dunklen Ecke steht. Gezeichnet von Gerhard Richter.
